 31.
25
Calculate the remainder when 141 is divided by 9.
6
What is the remainder when 136 is divided by 6?
4
Calculate the remainder when 515 is divided by 89.
70
What is the remainder when 2037 is divided by 22?
13
Calculate the remainder when 435 is divided by 21.
15
What is the remainder when 1882 is divided by 118?
112
Calculate the remainder when 259 is divided by 10.
9
What is the remainder when 1104 is divided by 83?
25
What is the remainder when 71 is divided by 8?
7
Calculate the remainder when 457 is divided by 10.
7
Calculate the remainder when 1631 is divided by 68.
67
Calculate the remainder when 867 is divided by 156.
87
Calculate the remainder when 149 is divided by 2.
1
Calculate the remainder when 85 is divided by 20.
5
What is the remainder when 216 is divided by 113?
103
Calculate the remainder when 644 is divided by 18.
14
What is the remainder when 814 is divided by 136?
134
Calculate the remainder when 642 is divided by 23.
21
What is the remainder when 78 is divided by 59?
19
What is the remainder when 9231 is divided by 19?
16
Calculate the remainder when 315 is divided by 20.
15
What is the remainder when 1242 is divided by 139?
130
What is the remainder when 491 is divided by 246?
245
What is the remainder when 153 is divided by 48?
9
What is the remainder when 159 is divided by 23?
21
Calculate the remainder when 1477 is divided by 59.
2
What is the remainder when 733 is divided by 49?
47
Calculate the remainder when 18 is divided by 7.
4
Calculate the remainder when 427 is divided by 39.
37
What is the remainder when 487 is divided by 41?
36
What is the remainder when 1363 is divided by 105?
103
What is the remainder when 670 is divided by 186?
112
Calculate the remainder when 625 is divided by 15.
10
Calculate the remainder when 1363 is divided by 21.
19
What is the remainder when 977 is divided by 469?
39
What is the remainder when 2840 is divided by 98?
96
What is the remainder when 103 is divided by 30?
13
What is the remainder when 161 is divided by 5?
1
What is the remainder when 654 is divided by 321?
12
Calculate the remainder when 425 is divided by 100.
25
What is the remainder when 250 is divided by 27?
7
What is the remainder when 553 is divided by 31?
26
What is the remainder when 863 is divided by 106?
15
What is the remainder when 183 is divided by 181?
2
Calculate the remainder when 297 is divided by 30.
27
Calculate the remainder when 58 is divided by 35.
23
What is the remainder when 4638 is divided by 91?
88
Calculate the remainder when 18172 is divided by 78.
76
Calculate the remainder when 69 is divided by 19.
12
Calculate the remainder when 1087 is divided by 318.
133
What is the remainder when 1443 is divided by 85?
83
What is the remainder when 1398 is divided by 284?
262
What is the remainder when 2774 is divided by 37?
36
Calculate the remainder when 221 is divided by 25.
21
What is the remainder when 176 is divided by 15?
11
Calculate the remainder when 122 is divided by 62.
60
What is the remainder when 185 is divided by 16?
9
What is the remainder when 2545 is divided by 2526?
19
Calculate the remainder when 490 is divided by 126.
112
Calculate the remainder when 2171 is divided by 29.
25
Calculate the remainder when 1197 is divided by 6.
3
What is the remainder when 15 is divided by 7?
1
What is the remainder when 167 is divided by 28?
27
Calculate the remainder when 7127 is divided by 81.
80
Calculate the remainder when 382 is divided by 43.
38
Calculate the remainder when 138 is divided by 29.
22
What is the remainder when 303 is divided by 100?
3
What is the remainder when 1794 is divided by 516?
246
What is the remainder when 68 is divided by 37?
31
What is the remainder when 115 is divided by 36?
7
Calculate the remainder when 538 is divided by 30.
28
Calculate the remainder when 5532 is divided by 1841.
9
Calculate the remainder when 1063 is divided by 212.
3
What is the remainder when 713 is divided by 48?
41
Calculate the remainder when 3518 is divided by 110.
108
What is the remainder when 224 is divided by 71?
11
Calculate the remainder when 388 is divided by 329.
59
Calculate the remainder when 10949 is divided by 148.
145
What is the remainder when 6458 is divided by 77?
67
Calculate the remainder when 488 is divided by 42.
26
Calculate the remainder when 169 is divided by 50.
19
What is the remainder when 1130 is divided by 35?
10
Calculate the remainder when 944 is divided by 27.
26
Calculate the remainder when 321 is divided by 109.
103
What is the remainder when 3823 is divided by 253?
28
Calculate the remainder when 168 is divided by 46.
30
Calculate the remainder when 63 is divided by 17.
12
What is the remainder when 1081 is divided by 4?
1
What is the remainder when 871 is divided by 9?
7
Calculate the remainder when 6030 is divided by 26.
24
Calculate the remainder when 195 is divided by 43.
23
Calculate the remainder when 1087 is divided by 32.
31
Calculate the remainder when 1827 is divided by 446.
43
What is the remainder when 5270 is divided by 21?
20
What is the remainder when 618 is divided by 23?
20
Calculate the remainder when 388 is divided by 30.
28
Calculate the remainder when 767 is divided by 64.
63
Calculate the remainder when 1010 is divided by 44.
42
Calculate the remainder when 337 is divided by 164.
9
Calculate the remainder when 21 is divided by 11.
10
What is the remainder when 38 is divided by 3?
2
Calculate the remainder when 32 is divided by 17.
15
What is the remainder when 100 is divided by 17?
15
Calculate the remainder when 1218 is divided by 29.
0
Calculate the remainder when 48 is divided by 13.
9
Calculate the remainder when 3239 is divided by 232.
223
What is the remainder when 425 is divided by 2?
1
Calculate the remainder when 2821 is divided by 113.
109
What is the remainder when 31 is divided by 4?
3
Calculate the remainder when 664 is divided by 37.
35
Calculate the remainder when 196 is divided by 33.
31
What is the remainder when 635 is divided by 408?
227
What is the remainder when 687 is divided by 53?
51
What is the remainder when 734 is divided by 82?
78
Calculate the remainder when 1554 is divided by 385.
14
What is the remainder when 616 is divided by 574?
42
What is the remainder when 376 is divided by 26?
12
What is the remainder when 94 is divided by 19?
18
Calculate the remainder when 47 is divided by 17.
13
Calculate the remainder when 89 is divided by 19.
13
Calculate the remainder when 88 is divided by 50.
38
Calculate the remainder when 78 is divided by 3.
0
What is the remainder when 156 is divided by 15?
6
What is the remainder when 97 is divided by 26?
19
Calculate the remainder when 20249 is divided by 125.
124
Calculate the remainder when 456 is divided by 91.
1
What is the remainder when 228 is divided by 13?
7
Calculate the remainder when 469 is divided by 156.
1
Calculate the remainder when 79 is divided by 9.
7
What is the remainder when 347 is divided by 31?
6
Calculate the remainder when 209 is divided by 63.
20
Calculate the remainder when 1399 is divided by 70.
69
What is the remainder when 86 is divided by 16?
6
What is the remainder when 57 is divided by 10?
7
What is the remainder when 1186 is divided by 33?
31
Calculate the remainder when 89625 is divided by 21.
18
Calculate the remainder when 469 is divided by 33.
7
Calculate the remainder when 1503 is divided by 1497.
6
Calculate the remainder when 140 is divided by 73.
67
Calculate the remainder when 141 is divided by 43.
12
What is the remainder when 647 is divided by 91?
10
What is the remainder when 644 is divided by 642?
2
What is the remainder when 1128 is divided by 66?
6
What is the remainder when 455 is divided by 86?
25
Calculate the remainder when 290 is divided by 42.
38
Calculate the remainder when 467 is divided by 57.
11
What is the remainder when 1343 is divided by 74?
11
What is the remainder when 156 is divided by 41?
33
Calculate the remainder when 72439 is divided by 58.
55
Calculate the remainder when 1435 is divided by 14.
7
Calculate the remainder when 753 is divided by 27.
24
Calculate the remainder when 236 is divided by 12.
8
Calculate the remainder when 1918 is divided by 10.
8
Calculate the remainder when 474 is d